-3433 + 2437. Calculate the remainder when o is divided by 11.
7
Let j(w) = 24*w - 15. Let p be j(11). Let x = p + -130. What is the remainder when x is divided by 11?
9
Let q(n) = 2*n**2 - 38*n + 202. What is the remainder when 123 is divided by q(11)?
19
Let v = -90 - -120. Calculate the remainder when 173 is divided by v.
23
What is the remainder when 24156/(-176)*(-8)/3 is divided by 41?
38
Let h = -41 - -25. Let g(j) = j**3 - 77*j**2 - 153*j - 390. Calculate the remainder when (1 - 2) + (1 - h) is divided by g(79).
1
Let c = 11 - 6. Calculate the remainder when 5 - (-80)/12 - 5/3 is divided by c.
0
Let f(i) = i**2 - 3*i. Let x be f(-3). Suppose -78 = 18*c - 258. Suppose -2*z - c = -v - 2*v, 2*z = 5*v - x. Calculate the remainder when 11 is divided by v.
3
Let k(q) = q + 23. Let b be k(10). Let u be (-532)/(-22) - 6/b. What is the remainder when -1*(-6)/(u/28) is divided by 2?
1
Suppose 580 = 17*m - 13*m. Suppose -529 + m = -6*l. Let a = -26 + l. Calculate the remainder when a is divided by 14.
10
Let m(b) = -18*b - 535. Calculate the remainder when 185 is divided by m(-33).
8
Calculate the remainder when ((-220)/6)/((-14)/42) is divided by 37.
36
Calculate the remainder when 121 is divided by (-28)/(-49) + 213/7.
28
Let r(q) = 4*q**3 - 11*q**2 - 31*q + 135. What is the remainder when r(6) is divided by 61?
51
Let s(b) = -19*b + 1. Let m = -67 + 64. What is the remainder when 287 is divided by s(m)?
55
Suppose 5*d - 15*d + 4*d = 0. What is the remainder when (d + -3)*(-282)/9 is divided by 24?
22
Suppose -v = n - 50, v - 5*n = 3*v - 94. Let h(l) = 3*l**2 - 14*l + 9. Let c be h(5). Let q = c - 3. Calculate the remainder when v is divided by q.
8
Let p(s) = -3*s**3 - 2*s**2 + 4*s + 5. What is the remainder when p(-2) is divided by 3?
1
Let y = 901 - 372. What is the remainder when y is divided by 38?
35
Let b(f) = -2*f + 15. Suppose 5*p = -5*u + 10, -3 = -2*p + 1. Suppose -4*m + q - 25 = u, m + 0*q = -q - 10. Calculate the remainder when 86 is divided by b(m).
28
Suppose 30*b - 864 = -36*b + 18*b. Let f(w) = -w**3 + 5*w**2 + 7*w + 4. What is the remainder when b is divided by f(6)?
8
Suppose 36 = 7*h - 3*h. What is the remainder when (46/(-26))/((-59)/767) is divided by h?
5
Suppose 0 = -435*j + 430*j + 80. Let k = 55 - 23. Let d = k - j. Calculate the remainder when 61 is divided by d.
13
Calculate the remainder when 460 is divided by 23/((-138)/4)*-231.
152
Let x(t) = -7*t - 2. Let s = 18 - 17. What is the remainder when (s/((-5)/(-16)))/((-28)/(-630)) is divided by x(-3)?
15
Suppose -f = -20 - 7. Let h be (4/6)/((-3)/f). Calculate the remainder when 69 is divided by (3/h)/(2/(-72)).
15
Let l(a) = -a**3 + 5*a**2 - a - 5. Suppose 418 = 16*i + 50. Suppose 2*s = -x + 26, 4*s + x - 73 + i = 0. Calculate the remainder when s is divided by l(4).
5
Suppose 1 = -m - 2. What is the remainder when 15 is divided by (-45)/(-20) - m/4 - 1?
1
Let x = -19 - -22. Suppose 2*k = -4, -x*i + 164 - 24 = 2*k. Suppose 5*m - i - 122 = 0. What is the remainder when m is divided by 12?
10
Let s be (-14)/(-6) - (35/(-15))/(-7). Suppose 9*j - 42 = s*j. Calculate the remainder when 10 is divided by j.
4
Suppose -2*a + 6*a - 72 = 0. Let g(n) = 2*n + 60. What is the remainder when g(-4) is divided by a?
16
Calculate the remainder when 30*8/(-6*(-2)/8) is divided by 4/22 + (-2360)/(-88).
25
Let g = 53 - 3. Let m(n) = -n - 10. Let f be m(-18). Let l = g - f. Calculate the remainder when l is divided by 22.
20
Let y = -20 - -21. Suppose -2*z + 9 = y. Suppose 0 = z*n - 8 - 16. Calculate the remainder when 21 is divided by n.
3
Let t be 42/((-1)/4*6). Let j = -20 - t. Calculate the remainder when 15 is divided by j.
7
Suppose l = -12 - 8. Let t be 2/5 + 8/l. Calculate the remainder when (-2 - t) + 0 - -8 is divided by 2.
0
Let u be (-14)/(4/(-60)*-3). Let t = u - -80. Calculate the remainder when 24 is divided by t.
4
Suppose 4*d + 5*f = 386 - 38, 0 = f - 4. Calculate the remainder when 171 is divided by d.
7
Let a(k) = -8*k - 50. Calculate the remainder when a(-9) is divided by 6.
4
Let v = 19 - -7. What is the remainder when v is divided by (-172)/(-22) + 1 + (-92)/(-506)?
8
Suppose 3*g - 29 = -5*m + 6, -2*m = -g + 8. What is the remainder when 26 is divided by g?
6
Let v = 30 - 17. Suppose 91*s + 28 = 92*s. Suppose 11*n - s = 4*n. Calculate the remainder when v is divided by n.
1
Let h be 138/3 + (-1 - -1). Suppose -5*m + g - 82 = 0, -2*g + 6*g = -m - 29. Let p = h + m. What is the remainder when 85 is divided by p?
27
Let n(l) = l. Let z be n(6). Suppose -12 - 8 = -3*p - 4*o, 5*o = 4*p - z. Suppose -p*i + 103 = -13. What is the remainder when i is divided by 10?
9
Let i(y) = y**3 + 8*y**2 + 6*y - 7. Let b be (-2 - 1) + (-3)/1. What is the remainder when i(b) is divided by 164/10 - (44/10 - 4)?
13
Suppose -2*p + 1 = -p. Let f(r) = -63*r**2 + r. Let k(a) = -251*a**2 + 5*a. Let o(d) = -9*f(d) + 2*k(d). Calculate the remainder when o(p) is divided by 17.
15
Suppose 5*h + 4*g - 3*g - 51 = 0, h + 3*g = -1. Calculate the remainder when h is divided by 7.
4
Suppose 0 = -8*t + 5938 - 5890. Suppose -2*f - 4*x + 12 = 0, -5*f - 2 = -4*x - 4. Calculate the remainder when (f/(-2))/(1/(-17)) is divided by t.
5
Suppose -2*y + 146 = i, -3*i - 128 - 237 = -5*y. Calculate the remainder when y is divided by 20.
13
Suppose 2*j = 13 - 1. Let o(g) = g**3 - 3*g**2 - g + 5. Calculate the remainder when o(3) is divided by (j/(-4))/(12/(-8)).
0
Suppose 0*w - w = -33. Suppose -51 + 6 = -5*a. Calculate the remainder when w is divided by a.
6
Let f(a) = a**3 - 3*a**2 - 6*a + 9. Let d be f(4). What is the remainder when (-10 - 95)*d/(-3) is divided by 12?
11
Let d(l) = l + 1. Let w be d(3). Suppose -w = -3*o + 2*o. Suppose b = -o*b + 50. Calculate the remainder when 18 is divided by b.
8
Let a(r) = -12*r**2 - 6*r - r**3 + 15 + 9*r + 2*r**3. Let j be a(12). What is the remainder when 9 is divided by 2/3 - (-119)/j?
0
Suppose 0 = -3*a + 79 + 281. Calculate the remainder when a is divided by 25.
20
Let b = 33 + -17. Calculate the remainder when 124 is divided by b.
12
Let q = -56 - -224. What is the remainder when q is divided by 30?
18
Suppose -9 = -3*o, -2*o = 5*n - 0*o - 181. Suppose -6*t - 4 = -4*t. What is the remainder when n is divided by ((-1)/t)/(3/72)?
11
Suppose 0 = -m + 11 + 7. What is the remainder when (146/4 - 11)*4/3 is divided by m?
16
Let t = 529 - 502. What is the remainder when 42 is divided by t?
15
Let g(k) = -52*k - 9. What is the remainder when g(-1) is divided by 132/8*4/3?
21
Suppose 4*y + 455 = 5*c, -3*c + 3*y = -463 + 193. Calculate the remainder when c is divided by 14.
11
Let q(g) = -2*g + 1. Let u(i) = -i**2 - 11*i + 16. Let c be u(-11). Suppose -c = 4*w, 52 = 4*f - 0*w - 3*w. What is the remainder when f is divided by q(-3)?
3
Suppose 3*n = z + 6, -3*z + 2*n - 4 = -0. Suppose 0*t - 4*t + 12 = z. Suppose -75 = -t*x + 15. Calculate the remainder when x is divided by 8.
6
Let y be (-6 + 8)/(175/(-87) - -2). What is the remainder when 230 is divided by (y/4)/(2 + 55/(-20))?
56
Suppose 78 + 162 = 10*y. Calculate the remainder when 71 is divided by y.
23
Let u(g) = -66*g - 65. Calculate the remainder when 6/10 - 2/(-5) is divided by u(-1).
0
Let v = -13 - -21. Suppose -7*m + v = -3*m. Suppose o - 4*g = m, 5*g + 73 = 4*o + 2*g. Calculate the remainder when 41 is divided by o.
19
Let t = -31 + 34. Calculate the remainder when 92 is divided by t.
2
What is the remainder when 80 is divided by 203/9 + (-92)/(-207)?
11
Let j(n) = 19*n**3 - 2*n + 1. Let v be (-1)/3*9/(-3). Calculate the remainder when 49 is divided by j(v).
13
Let v = 339 - 273. What is the remainder when v is divided by 23?
20
Let b = -18 + 51. Let p(o) = -1. Let w(h) = h**2 + 7*h + 13. Let a(d) = 4*p(d) + w(d). What is the remainder when b is divided by a(-7)?
6
Suppose 68*f = 43*f + 300. What is the remainder when 23 is divided by f?
11
Let j(f) = -f**3 + 7*f**2 + 7*f + 8. Let y be j(8). Suppose y = 12*u - 10*u - 256. Suppose 0*i + 52 = 2*i. Calculate the remainder when u is divided by i.
24
Calculate the remainder when 404 is divided by (-13 - 2) + 9 - -64.
56
Let d(u) be the third derivative of 13*u**6/120 + u**5/60 - u**3/6 + 4*u**2. What is the remainder when d(1) is divided by 5?
3
Let k be (9 - 6) + 1 + -